 + 30 = 0. Give d(q).
3
Suppose -h + 0*h + 5 = 0. Let a be h/10 + (-66)/4. Let b(j) = -j - 23. Let u be b(a). Let s(m) = m - 1. Calculate s(u).
-8
Suppose 3*b = 4*s - 32, -b + 2*b + 9 = s. Let i(q) = -s + q + 1 + 3*q**2 + q**2 - 3*q**2. Calculate i(-4).
8
Let s(o) = -o**3 - o**2 + 2*o + 4. Let h be (-164)/(-4) - (0 - 0). Suppose -h = 5*v - 4*g, -3 = 4*g - 19. Let b be v/10 - (-5)/(-2). Determine s(b).
16
Let p(n) = n**3 - 1. Suppose 25*w - 18 = 7*w. Calculate p(w).
0
Let m(u) = 7*u + 20. Let t(x) = -16*x - 42. Let a(n) = 5*m(n) + 2*t(n). Give a(-7).
-5
Suppose 58*b + 2*i = 63*b - 29, 2*b + i = 8. Let a(p) = p**3 - 4*p**2 - 3*p - 10. Determine a(b).
0
Let n = 97 - 99. Let f(o) be the first derivative of -o**4/4 - o**3/3 + 2*o**2 + 3*o - 1. Calculate f(n).
-1
Let r(f) = -f**2 - 17*f - 71. Let g be r(-8). Let j(w) = -5*w. What is j(g)?
-5
Suppose 3*b = -11*v + 9*v + 37, 75 = 5*v + 5*b. Let r(x) = -2 + 0 - 7*x - 3*x**2 + 4*x**2. What is r(v)?
6
Suppose -4*w = 2*l - l + 7, -8 = 2*w + 2*l. Let j be w/(8/20 - (-2)/(-10)). Let i(g) = -g**2 - 4*g + 2. Calculate i(j).
-3
Let r(v) = -11*v + 3. Suppose 46*f = 42*f - 12. Give r(f).
36
Let g(a) = 5*a**2 + 9*a + 5. Let l(u) = u + 4*u - u + 2*u**2 + 3. Let q(n) = 3*g(n) - 7*l(n). Let o = 17 + -17. Determine q(o).
-6
Let y(i) = -7*i + 3. Let d be (-1)/10 - 99/(-90). Give y(d).
-4
Suppose 2*d = d + 2. Let r(o) = -4*o + 16*o + d*o**2 - 6*o - 5*o. Suppose 0 = -v - 3*i - 7, -v - 11 = 2*v + 4*i. Give r(v).
1
Let y(j) = -26*j**3 - 18*j**3 - 1 + 4*j + 43*j**3 + 10*j**2 + 7*j. Determine y(11).
-1
Let g be 10 + (-1 + 3 - 30/5). Let o(r) = -2*r**2 + 5*r - 1. Calculate o(g).
-43
Let h(a) = 2*a - 2. Let y = -33 + 2. Let p = -28 - y. Calculate h(p).
4
Let s(i) = i - 5. Let h be s(3). Let y(l) be the first derivative of l**4/4 - l**2/2 + l - 9. Give y(h).
-5
Let w(x) = -x**3 + 19*x**2 + 6*x. Let j(f) = 3*f**3 - 56*f**2 - 17*f. Let s(l) = 6*j(l) + 17*w(l). Calculate s(13).
0
Let m(q) = 2*q - 31. Let a be m(15). Let h(n) be the second derivative of 5*n**3/2 + n**2/2 - 9*n. Calculate h(a).
-14
Let s(x) be the first derivative of x**4/4 + 2*x**3 - x**2 - 2*x + 3. Suppose 69*r + 392 + 22 = 0. Calculate s(r).
10
Suppose -621 = -9*f - 576. Let w(r) = -2*r**2 + 7*r + 2. Give w(f).
-13
Let d(y) be the second derivative of 0 - 5/2*y**2 - 1/12*y**4 + 1/20*y**5 + 0*y**3 + 7*y. Let f(r) = r**2 + 3*r - 4. Let o be f(-4). What is d(o)?
-5
Let i(j) = -8*j + 32. Let m(o) = -6*o + 21. Let d(a) = -5*i(a) + 7*m(a). Calculate d(-12).
11
Let b(v) = 14*v - 5*v + 28 - 29. Determine b(1).
8
Let y(w) = -6*w - 18. Let d be y(-2). Let a(x) = -x**3 - 4*x**2 + 8*x + 1. Determine a(d).
25
Let b(i) be the second derivative of -4*i**3/3 + 170*i - 1. Determine b(2).
-16
Let m(q) = -4*q**3 + q**2 - q + 2. Let z be m(2). Let a = 31 + z. Let u(y) = -y - a - 2 + 4. What is u(-3)?
2
Let i(a) be the first derivative of -a**4/4 + 7*a**3/3 - 7*a**2/2 + 4*a - 173. Determine i(6).
-2
Let z(j) be the second derivative of -j**6/360 - j**5/30 - 2*j**4/3 + 4*j. Let g(v) be the third derivative of z(v). Give g(-7).
10
Let l(d) = -22*d**3 + 5*d**2 - 4*d - 2. Let k(h) = 33*h**3 - 8*h**2 + 6*h + 3. Let q = 88 - 96. Let s(u) = q*l(u) - 5*k(u). What is s(-1)?
-12
Suppose 0 = -c - 2*c + 75. Suppose -6*z + z + c = 0. Suppose -m + 17 = z*f, 2*f + 2*m - 2 = -0*f. Let n(h) = -3*h + 6. Calculate n(f).
-6
Let u(n) = -n**2 + 5*n + 4. Let x be (6/(-4))/(-3*4/56). Determine u(x).
-10
Let s(p) = 8*p**2 + 13*p - 15. Let o(g) = 5*g**2 + 6*g - 7. Let z(t) = -5*o(t) + 3*s(t). Calculate z(9).
-10
Let j(z) be the second derivative of 3*z + 1/12*z**4 - 5/2*z**2 + 0 + 2/3*z**3. Determine j(-6).
7
Let r(m) = -m**3 + 7*m**2 + 9*m - 6. Let i(s) = 2*s**3 - 7*s**2 - 11*s + 5. Let a(g) = -2*i(g) - 3*r(g). What is a(-6)?
2
Let l(c) = -c**3 + 6*c**2 + c - 2. Let s be -5*(-1)/3 + 60/18. Determine l(s).
28
Suppose -4*t = -4*b + 20, -5*t + 9*t + 2 = -2*b. Let d(r) = r**3 - 3*r**2 - 4*r + 6. Determine d(b).
-6
Let f be (4 - 2)*(-7)/(14/10). Let h(r) = -r**2 - 13*r - 12. Give h(f).
18
Let t(g) = 5*g - 4. Let f(i) = 2*i + 1. Let n(x) = 3*f(x) - t(x). Determine n(-4).
3
Let i(g) be the first derivative of g**3/3 + 3*g**2 - 2*g - 36. What is i(-5)?
-7
Let t be ((-3)/6*0)/(0 + -1). Suppose 15*o - 10*o - 20 = t. Let l(p) = -2*p + 5. Give l(o).
-3
Let u(x) be the second derivative of 2*x**3/3 + 9*x**2/2 + 223*x. Give u(-6).
-15
Let f(u) = -6*u + 1. Suppose -d + 5*r = -5*d - 10, -d - r = 2. Suppose d = 4*k + 4. Determine f(k).
7
Let u(q) be the third derivative of -q**4/4 + q**3/6 + 98*q**2. Calculate u(-3).
19
Let s = 22 - 14. Let x be (-46)/s + 13/(-52). Let q(f) be the first derivative of -f**3/3 - 5*f**2/2 - 3*f - 1. Determine q(x).
-9
Let v(l) = 4 - 2 + 2*l + 7 + 0. Determine v(-9).
-9
Let d(a) = 5*a**2 - 4*a + 25*a - 2 + 5*a**3 - 10*a + 4. Let j(o) = -o**3 + 0 - 1 - o + 2. Let u(p) = -d(p) - 6*j(p). What is u(6)?
-2
Let t(k) = 2*k**3 + k**2 - k - 1. Let r be (-8)/(-10)*-1*(-5)/(-2). Determine t(r).
-11
Let w be -1 - 2 - 1072/(20/(-5)). Let h(c) = 21*c + w - 265. Calculate h(-1).
-21
Suppose -3*n - 6 + 69 = 0. Let u(c) = n - 2*c + 0*c - 21. Let p(a) = -a**3 - 14*a**2 - 14*a - 19. Let h be p(-13). What is u(h)?
12
Let a(z) = 3*z**2 - 3*z + 3. Let i(m) = -m + 32. Let n be i(29). Determine a(n).
21
Let w(y) = 3*y**2 - y - 1. Let d = 116 + -83. Let c = 35 - d. Determine w(c).
9
Let d(j) = j**3 - 8*j**2 + 7*j. Let h be d(7). Let v(t) = 0*t + h*t - t. Suppose -8*k + 11*k + i + 20 = 0, -4*i - 8 = 0. Give v(k).
6
Let k(t) be the first derivative of t**4/4 + 7*t**3/3 - t**2 + 5*t + 22. What is k(-7)?
19
Let l(a) = a**3 - 5*a**2 - 6*a - 1. Suppose p = -p + 5*w + 37, 0 = p + 4*w + 14. Suppose 15*u + p = 16*u. Give l(u).
-1
Let l(g) be the first derivative of g**4/4 + 5*g**3/3 + 3*g**2 + 9*g + 23. Calculate l(-4).
1
Let l(x) = -x + 3. Suppose 2*m + 66 = -m. Let r = m + 16. Let u(y) = -y**3 - 6*y**2 - y - 10. Let o be u(r). Calculate l(o).
7
Let t(k) = -k**2 - 25*k - 48. Let i be t(-23). Let d(a) be the first derivative of 9*a**2/2 + 3*a - 1. Determine d(i).
-15
Let n(x) be the first derivative of -x**6/120 - x**5/15 + x**4/12 + 2*x**3/3 + 5*x**2/2 - 19. Let c(g) be the second derivative of n(g). Give c(-5).
19
Let b(v) = v. Let q(p) = p + 1. Let x(s) = -b(s) - q(s). Let w(i) = i**2 - 8*i + 5. Let o be w(7). Determine x(o).
3
Let i(k) = k**3 - 2*k**2 + 4. Let w be i(2). Let d(y) = y**3 - 6*y**2 + 3*y + 4. Calculate d(w).
-16
Let g(s) = s**3 - 5*s**2 - 6*s - 1. Let q be 12/18 - (-284)/6. Let d be -5 - (q/(-4) + 1). Calculate g(d).
-1
Let d(m) = -m**3 - m**2 + 18*m + 5. Let l be d(4). Let t(i) be the first derivative of -i**2/2 + 3*i - 6. Calculate t(l).
6
Suppose 0 = -3*q + 5*q - 3*h - 28, -q = -5*h - 21. Let x(j) = -3*j**2 + 11*j - 3. Let f(k) = -k**2 + 4*k - 1. Let r(g) = q*f(g) - 4*x(g). Determine r(0).
1
Let i(h) = -8*h**2 - h. Let k be 0 - (1 - (-3 - -6)). Let s be k/(-5) + 196/(-10). Let b = s - -19. Determine i(b).
-7
Let l(p) = 1 + 2*p - 15 - 5. Let q be (-11)/(-2) + 2/(-4). Let y(k) = -k + 10. Let j(x) = q*y(x) + 3*l(x). What is j(4)?
-3
Let b(r) be the second derivative of r**5/20 + r**4/6 - r**3/6 + 3*r**2/2 + 88*r. Let n(z) = -z - 4. Let h be n(-7). Suppose 0 = 2*w - w + h. Calculate b(w).
-3
Let f be 105/84 + 5/(-4). Let l(m) = m**3 - m**2 - m + 5. What is l(f)?
5
Let v be 0 + 1 + 276/(-46). Let s(j) = j**2 + 4*j - 5. Determine s(v).
0
Let r be (4/6)/(4/(-6)). Let k(o) = -o. Let f(m) = -129*m + 254*m - 130*m. Let h(a) = r*f(a) + 4*k(a). Determine h(5).
5
Let t(o) = -2 - 4*o**2 + 3*o + 3*o**2 + 0*o - 7*o. Let q(n) = -n**3 + 6*n**2 + 8*n - 11. Let f(g) = 6*g**2 + 1. Let w be f(-1). Let p be q(w). Give t(p).
-2
Let t = 639 - 641. Let h(c) = -6*c - 11. What is h(t)?
1
Let w(j) = -2*j - 4. Let c(n) = 35*n + 138. Let f be c(-4). Calculate w(f).
0
Let w(k) = -k**2 - 1. Let h(p) = p**2 + p. Let g be h(2). Let v = g + -6. Suppose -4*j + v*j = 5*t - 10, 0 = j - 5. Determine w(t).
-5
Let q(i) = -i**3 - i**2 + 2*i - 2. Let o be q(-3). Let j(w) = 9 - w + o*w + 0*w - 8*w. Determine j(7).
16
Let z(a) be the second derivative of -a**5/20 + a**4/2 - a**3/3 + 2*a**2 + 27*a. What is z(6)?
-8
Let x = 1366 + -1361. Let c(o) = o**2 - 12*o + 9. Give c(x).
-26
Let g(j) = j**3 + 7*j**2 - 1. Let v(t) = t**3 - 4*t**2 + 4. Let y be v